{"id":26,"date":"2023-02-13T11:38:51","date_gmt":"2023-02-13T11:38:51","guid":{"rendered":"https:\/\/www.horticultoresmdq.com.ar\/portal\/?page_id=26"},"modified":"2023-03-11T22:21:44","modified_gmt":"2023-03-11T22:21:44","slug":"nuestro-proyecto","status":"publish","type":"page","link":"https:\/\/www.horticultoresmdq.com.ar\/portal\/nuestro-proyecto\/","title":{"rendered":"Nuestro Proyecto"},"content":{"rendered":"\t\t<div data-elementor-type=\"wp-page\" data-elementor-id=\"26\" class=\"elementor elementor-26\" data-elementor-settings=\"[]\">\n\t\t\t\t\t\t\t<div class=\"elementor-section-wrap\">\n\t\t\t\t\t\t\t<section class=\"elementor-section elementor-top-section elementor-element elementor-element-7041c1f elementor-section-height-min-height elementor-section-boxed elementor-section-height-default elementor-section-items-middle\" data-id=\"7041c1f\" data-element_type=\"section\" data-settings=\"{&quot;background_background&quot;:&quot;classic&quot;}\">\n\t\t\t\t\t\t<div class=\"elementor-container elementor-column-gap-default\">\n\t\t\t\t\t<div class=\"elementor-column elementor-col-100 elementor-top-column elementor-element elementor-element-12831ec\" data-id=\"12831ec\" data-element_type=\"column\">\n\t\t\t<div class=\"elementor-widget-wrap elementor-element-populated\">\n\t\t\t\t\t\t\t\t<div class=\"elementor-element elementor-element-fe0e173 elementor-widget elementor-widget-heading\" data-id=\"fe0e173\" data-element_type=\"widget\" data-widget_type=\"heading.default\">\n\t\t\t\t<div class=\"elementor-widget-container\">\n\t\t\t<h1 class=\"elementor-heading-title elementor-size-default\">Nuestro Proyecto<\/h1>\t\t<\/div>\n\t\t\t\t<\/div>\n\t\t\t\t\t<\/div>\n\t\t<\/div>\n\t\t\t\t\t\t\t<\/div>\n\t\t<\/section>\n\t\t\t\t<section class=\"elementor-section elementor-top-section elementor-element elementor-element-62adeda elementor-section-full_width elementor-section-height-default elementor-section-height-default\" data-id=\"62adeda\" data-element_type=\"section\">\n\t\t\t\t\t\t<div class=\"elementor-container elementor-column-gap-wider\">\n\t\t\t\t\t<div class=\"elementor-column elementor-col-50 elementor-top-column elementor-element elementor-element-aa5c930\" data-id=\"aa5c930\" data-element_type=\"column\">\n\t\t\t<div class=\"elementor-widget-wrap elementor-element-populated\">\n\t\t\t\t\t\t\t\t<div class=\"elementor-element elementor-element-e0f8bc5 elementor-widget elementor-widget-image\" data-id=\"e0f8bc5\" data-element_type=\"widget\" data-widget_type=\"image.default\">\n\t\t\t\t<div class=\"elementor-widget-container\">\n\t\t\t\t\t\t\t\t\t\t\t\t\t\t\t<img loading=\"lazy\" decoding=\"async\" width=\"800\" height=\"555\" src=\"https:\/\/www.horticultoresmdq.com.ar\/portal\/wp-content\/uploads\/2023\/02\/80.jpg\" class=\"attachment-large size-large\" alt=\"\" srcset=\"https:\/\/www.horticultoresmdq.com.ar\/portal\/wp-content\/uploads\/2023\/02\/80.jpg 1024w, https:\/\/www.horticultoresmdq.com.ar\/portal\/wp-content\/uploads\/2023\/02\/80-300x208.jpg 300w, https:\/\/www.horticultoresmdq.com.ar\/portal\/wp-content\/uploads\/2023\/02\/80-768x533.jpg 768w\" sizes=\"auto, (max-width: 800px) 100vw, 800px\" \/>\t\t\t\t\t\t\t\t\t\t\t\t\t\t\t<\/div>\n\t\t\t\t<\/div>\n\t\t\t\t\t<\/div>\n\t\t<\/div>\n\t\t\t\t<div class=\"elementor-column elementor-col-50 elementor-top-column elementor-element elementor-element-e9b75b4\" data-id=\"e9b75b4\" data-element_type=\"column\">\n\t\t\t<div class=\"elementor-widget-wrap elementor-element-populated\">\n\t\t\t\t\t\t\t\t<div class=\"elementor-element elementor-element-e5525dd elementor-widget elementor-widget-text-editor\" data-id=\"e5525dd\" data-element_type=\"widget\" data-widget_type=\"text-editor.default\">\n\t\t\t\t<div class=\"elementor-widget-container\">\n\t\t\t\t\t\t\t\t<div><h4>Cooperativa de Horticultores Mar del Plata se complace en anunciar nuestro pr\u00f3ximo proyecto de reconstrucci\u00f3n, que nos permitir\u00e1 mejorar a\u00fan m\u00e1s nuestras instalaciones y servicios en los pr\u00f3ximos a\u00f1os.<\/h4><h4>Nuestro proyecto de reconstrucci\u00f3n incluir\u00e1 la implementaci\u00f3n de tecnolog\u00edas innovadoras y sostenibles que nos permitir\u00e1n mejorar la calidad y eficiencia de nuestra producci\u00f3n, as\u00ed como la reducci\u00f3n de nuestro impacto ambiental. Adem\u00e1s, planeamos mejorar nuestra infraestructura y ampliar nuestras \u00e1reas de cultivo para aumentar nuestra capacidad de producci\u00f3n y satisfacer la creciente demanda de nuestros productos frescos y saludables.<\/h4><h4>En l\u00ednea con nuestro compromiso con la sostenibilidad ambiental, planeamos implementar t\u00e9cnicas de agricultura regenerativa, promover la biodiversidad y reducir la huella de carbono de nuestra producci\u00f3n. Tambi\u00e9n planeamos incorporar sistemas de energ\u00eda renovable, sistemas de riego eficientes y la adopci\u00f3n de tecnolog\u00edas digitales para mejorar la gesti\u00f3n de nuestras operaciones.<\/h4><h4>Estamos entusiasmados con este nuevo proyecto de reconstrucci\u00f3n y estamos comprometidos en continuar brindando productos frescos y saludables a nuestra comunidad, y liderar el camino en pr\u00e1cticas sostenibles en la industria agr\u00edcola. \u00a1Est\u00e9n atentos para m\u00e1s actualizaciones sobre nuestro emocionante proyecto!<\/h4><\/div>\t\t\t\t\t\t<\/div>\n\t\t\t\t<\/div>\n\t\t\t\t\t<\/div>\n\t\t<\/div>\n\t\t\t\t\t\t\t<\/div>\n\t\t<\/section>\n\t\t\t\t\t\t<\/div>\n\t\t\t\t\t<\/div>\n\t\t","protected":false},"excerpt":{"rendered":"<p>Cooperativa de Horticultores Mar del Plata se complace en anunciar nuestro pr\u00f3ximo proyecto de reconstrucci\u00f3n, que nos permitir\u00e1 mejorar a\u00fan m\u00e1s nuestras instalaciones y servicios en los pr\u00f3ximos a\u00f1os. Nuestro proyecto de reconstrucci\u00f3n incluir\u00e1 la implementaci\u00f3n de tecnolog\u00edas innovadoras y sostenibles que nos permitir\u00e1n mejorar la calidad y eficiencia de nuestra producci\u00f3n, as\u00ed como la [&hellip;]<\/p>\n","protected":false},"author":1,"featured_media":0,"parent":0,"menu_order":0,"comment_status":"closed","ping_status":"closed","template":"elementor_header_footer","meta":{"footnotes":""},"class_list":["post-26","page","type-page","status-publish","hentry"],"_links":{"self":[{"href":"https:\/\/www.horticultoresmdq.com.ar\/portal\/wp-json\/wp\/v2\/pages\/26","targetHints":{"allow":["GET"]}}],"collection":[{"href":"https:\/\/www.horticultoresmdq.com.ar\/portal\/wp-json\/wp\/v2\/pages"}],"about":[{"href":"https:\/\/www.horticultoresmdq.com.ar\/portal\/wp-json\/wp\/v2\/types\/page"}],"author":[{"embeddable":true,"href":"https:\/\/www.horticultoresmdq.com.ar\/portal\/wp-json\/wp\/v2\/users\/1"}],"replies":[{"embeddable":true,"href":"https:\/\/www.horticultoresmdq.com.ar\/portal\/wp-json\/wp\/v2\/comments?post=26"}],"version-history":[{"count":25,"href":"https:\/\/www.horticultoresmdq.com.ar\/portal\/wp-json\/wp\/v2\/pages\/26\/revisions"}],"predecessor-version":[{"id":411,"href":"https:\/\/www.horticultoresmdq.com.ar\/portal\/wp-json\/wp\/v2\/pages\/26\/revisions\/411"}],"wp:attachment":[{"href":"https:\/\/www.horticultoresmdq.com.ar\/portal\/wp-json\/wp\/v2\/media?parent=26"}],"curies":[{"name":"wp","href":"https:\/\/api.w.org\/{rel}","templated":true}]}}